{"id":34,"date":"2019-10-29T21:30:20","date_gmt":"2019-10-30T03:30:20","guid":{"rendered":"https:\/\/cuba-mennoniteconference.org\/login\/?page_id=34"},"modified":"2021-07-17T17:29:16","modified_gmt":"2021-07-17T23:29:16","slug":"historia","status":"publish","type":"page","link":"https:\/\/cuba-mennoniteconference.org\/login\/historia\/","title":{"rendered":"Historia"},"content":{"rendered":"<p>[et_pb_section fb_built=&#8221;1&#8243; fullwidth=&#8221;on&#8221; _builder_version=&#8221;4.0.3&#8243; background_color=&#8221;#2ea3f2&#8243; use_background_color_gradient=&#8221;on&#8221; background_color_gradient_start=&#8221;#0c71c3&#8243; background_color_gradient_end=&#8221;#8300e9&#8243; background_color_gradient_direction=&#8221;330deg&#8221; top_divider_style=&#8221;triangle&#8221; top_divider_color=&#8221;#e02b20&#8243; top_divider_height=&#8221;6px&#8221; top_divider_repeat=&#8221;1x&#8221; bottom_divider_style=&#8221;clouds&#8221; bottom_divider_color=&#8221;#efefef&#8221; bottom_divider_height=&#8221;72px&#8221;][et_pb_fullwidth_header title=&#8221;Rese\u00f1a Hist\u00f3rica&#8221; _builder_version=&#8221;3.16&#8243; title_font=&#8221;||||||||&#8221; background_color=&#8221;rgba(255, 255, 255, 0)&#8221; custom_padding=&#8221;||60px|||&#8221; button_one_text_size__hover_enabled=&#8221;off&#8221; button_two_text_size__hover_enabled=&#8221;off&#8221; button_one_text_color__hover_enabled=&#8221;off&#8221; button_two_text_color__hover_enabled=&#8221;off&#8221; button_one_border_width__hover_enabled=&#8221;off&#8221; button_two_border_width__hover_enabled=&#8221;off&#8221; button_one_border_color__hover_enabled=&#8221;off&#8221; button_two_border_color__hover_enabled=&#8221;off&#8221; button_one_border_radius__hover_enabled=&#8221;off&#8221; button_two_border_radius__hover_enabled=&#8221;off&#8221; button_one_letter_spacing__hover_enabled=&#8221;off&#8221; button_two_letter_spacing__hover_enabled=&#8221;off&#8221; button_one_bg_color__hover_enabled=&#8221;off&#8221; button_two_bg_color__hover_enabled=&#8221;off&#8221;][\/et_pb_fullwidth_header][\/et_pb_section][et_pb_section fb_built=&#8221;1&#8243; _builder_version=&#8221;4.0.3&#8243; background_color=&#8221;#efefef&#8221; min_height=&#8221;938px&#8221; custom_margin=&#8221;-1px|||||&#8221; custom_padding=&#8221;1px||0px|||&#8221;][et_pb_row _builder_version=&#8221;3.25&#8243; background_size=&#8221;initial&#8221; background_position=&#8221;top_left&#8221; background_repeat=&#8221;repeat&#8221; custom_margin=&#8221;-7px|auto||auto||&#8221; custom_padding=&#8221;0px|||||&#8221;][et_pb_column type=&#8221;4_4&#8243; _builder_version=&#8221;3.25&#8243; custom_padding=&#8221;|||&#8221; custom_padding__hover=&#8221;|||&#8221;][et_pb_text _builder_version=&#8221;3.27.4&#8243; background_size=&#8221;initial&#8221; background_position=&#8221;top_left&#8221; background_repeat=&#8221;repeat&#8221; custom_margin=&#8221;4px|||||&#8221; custom_padding=&#8221;0px||0px|||&#8221; inline_fonts=&#8221;Actor,Amita,Arial,Times New Roman&#8221;]<\/p>\n<h2><span style=\"font-size: 14px; color: #666666;\"><span><\/span><\/span><\/h2>\n<p align=\"center\"><span face=\"Liberation Serif, serif\" style=\"font-family: 'Liberation Serif', serif;\"><span size=\"5\" style=\"font-size: x-large;\"><i>La Reforma Radical <\/i><\/span><\/span><\/p>\n<p align=\"center\">\n<p align=\"justify\"><span face=\"Liberation Serif, serif\" style=\"font-family: 'Liberation Serif', serif;\"><span size=\"4\" style=\"font-size: large;\">Dentro de la reforma de Ulrico Zwinglio en Suiza se estableci\u00f3 un nuevo movimiento. Este cuerpo de estudiantes universitarios sinti\u00f3 la convicci\u00f3n de llevar mas all\u00e1 dicha reforma como una verdadera restauraci\u00f3n del cristianismo reflejado en el NT. Luego de efectuarse varios debates con las autoridades y el propio Zwinglio, sus ense\u00f1anzas fueron condenadas. Este es el comienzo de la Reforma Radical o de las Iglesias Libres, separadas de la autoridad del estado\/iglesia oficial imperante.<\/span><\/span><\/p>\n<p align=\"justify\"><span face=\"Liberation Serif, serif\" style=\"font-family: 'Liberation Serif', serif;\"><span size=\"4\" style=\"font-size: large;\">Bajo el liderazgo de Conrado Grebel, F\u00e9lix Manz, Jorge Blaurok y Baltasar Hubmaier, la reforma radical tom\u00f3 fuerza en Suiza y Alemania hacia 1525, cuando se formaron congregaciones separadas, a los cuales la autoridad oficial llam\u00f3 &#8220;anabautistas&#8221; porque practicaban el bautismo de creyentes adultos y no reconocieron la validez del bautismo de infantes. Miguel Sattler aport\u00f3 unos pricipios b\u00e1sicos en Schleitheim, en 1527. El nombre menonita se aplic\u00f3 espec\u00edficamente a los seguidores de l\u00edder anabautista holand\u00e9s, Menno Simons, hacia 1543. <\/span><\/span><\/p>\n<p align=\"justify\"><span face=\"Liberation Serif, serif\" style=\"font-family: 'Liberation Serif', serif;\"><span size=\"4\" style=\"font-size: large;\">Debido a las fuertes persecuciones tanto de la Iglesia Cat\u00f3lica como de los protestantes, Luteranos y Calvinistas\/Reformados, tuvieron que emigrar hacia otras tierras donde pudieran vivir su fe con total libertad, desplaz\u00e1ndose hacia territorio Ruso y a Norte Am\u00e8rica. En el presente existe una variedad de comunidades Anabautistas: Menonitas, Hutteritas, Amish, Hermanos en Cristo entre otros, formando una familia global de mas de dos millones de miembros.<\/span><\/span><\/p>\n<p align=\"center\"><span face=\"Liberation Serif, serif\" style=\"font-family: 'Liberation Serif', serif;\"><span size=\"5\" style=\"font-size: x-large;\"><i>CUBA<\/i><\/span><\/span><\/p>\n<p align=\"center\"><span face=\"Liberation Serif, serif\" style=\"font-family: 'Liberation Serif', serif;\"><span size=\"5\" style=\"font-size: x-large;\"><i><\/i><\/span><\/span><\/p>\n<p align=\"justify\"><span face=\"Liberation Serif, serif\" style=\"font-family: 'Liberation Serif', serif;\"><span size=\"4\" style=\"font-size: large;\">El Se\u00f1or llam\u00f3 a los ministros Marvin Beachy de Indiana, Estados Unidos, y Eli Glick de Santa Ana, El Salvador, ambos de la iglesia Beachy, a llevar la Palabra de Dios muy lejos de sus hogares. Viajaron pues, calzados sus pies con el apresto del evangelio a esta que llaman la Perla del Caribe, nuestra querida isla de Cuba.<\/span><\/span><\/p>\n<p align=\"justify\"><span face=\"Liberation Serif, serif\" style=\"font-family: 'Liberation Serif', serif;\"><span size=\"4\" style=\"font-size: large;\">Aunque no lo recoge la historia, sabemos que sus corazones, como buenos hijos de Dios, se llenaron de supremo gozo aquel 18 de diciembre de 1994 en el hogar cristiano de David de Feria, quien ser\u00eda nombrado como el primer Ministro Ordenado. La Hermandad Menonita de Holgu\u00edn quedo instaurada, para la gloria de Dios y salvaci\u00f3n de las almas.<\/span><\/span><\/p>\n<p align=\"justify\"><span face=\"Liberation Serif, serif\" style=\"font-family: 'Liberation Serif', serif;\"><span size=\"4\" style=\"font-size: large;\">Fue de corte conservador aquella primera iglesia, pero no se importaron las pr\u00e1cticas de las iglesias del Norte, sino que se estableci\u00f3 un modelo contextual cubano.<\/span><\/span><\/p>\n<p align=\"justify\"><span face=\"Liberation Serif, serif\" style=\"font-family: 'Liberation Serif', serif;\"><span size=\"4\" style=\"font-size: large;\">La Palabra de Dios establece en 1ra a Tesalonicenses 5:12 \u201cOs rogamos, hermanos, que reconozc\u00e1is a los que trabajan entre vosotros, y les presiden en el Se\u00f1or, y os amonestan;\u201d Por esa raz\u00f3n hoy no podemos olvidar a los Ministros que han edificado esta obra a lo largo de los a\u00f1os: Eli Hershberger y Millard Yoder, de Maryland hasta el a\u00f1o 2002. En 2004 fue ordenado Enrique Cabrera Alema\u00f1y para servir a las iglesias de Holgu\u00edn y La Habana.<\/span><\/span><\/p>\n<p align=\"justify\"><span face=\"Liberation Serif, serif\" style=\"font-family: 'Liberation Serif', serif;\"><span size=\"4\" style=\"font-size: large;\">En el a\u00f1o 2013 se orden\u00f3 como Ministro a Luis Michel Silva Fern\u00e1ndez. Se iniciaron entonces di\u00e1logos inter congregacionales con otras comunidades de fe Menonita y de otras tradiciones evang\u00e9licas, una postura m\u00e1s progresista e inclusiva se fue vislumbrando, para bien, reestructurando la iglesia hasta su estado actual. Se busc\u00f3 la integraci\u00f3n con otras congregaciones de trasfondo Anabautista estableciendo La Conferencia Menonita en Cuba en 2016. En 2021 se convierte en el Concilio de Iglesias Evangelicas Shalom, debido a la afiliacion denominacional. El Concilio de Iglesias Evangelicas Shalom-CIES es una comunidad de Iglesias hispanas de la Conferencia Menonita de Lancaster.<br \/><\/span><\/span><\/p>\n<p align=\"justify\">\n<p>&nbsp;<\/p>\n<p>[\/et_pb_text][\/et_pb_column][\/et_pb_row][\/et_pb_section]<\/p>\n","protected":false},"excerpt":{"rendered":"<p>La Reforma Radical Dentro de la reforma de Ulrico Zwinglio en Suiza se estableci\u00f3 un nuevo movimiento. Este cuerpo de estudiantes universitarios sinti\u00f3 la convicci\u00f3n de llevar mas all\u00e1 dicha reforma como una verdadera restauraci\u00f3n del cristianismo reflejado en el NT. Luego de efectuarse varios debates con las autoridades y el propio Zwinglio, sus ense\u00f1anzas [&hellip;]<\/p>\n","protected":false},"author":1,"featured_media":0,"parent":0,"menu_order":0,"comment_status":"closed","ping_status":"closed","template":"","meta":{"_et_pb_use_builder":"on","_et_pb_old_content":"","_et_gb_content_width":"","footnotes":""},"class_list":["post-34","page","type-page","status-publish","hentry"],"_links":{"self":[{"href":"https:\/\/cuba-mennoniteconference.org\/login\/wp-json\/wp\/v2\/pages\/34"}],"collection":[{"href":"https:\/\/cuba-mennoniteconference.org\/login\/wp-json\/wp\/v2\/pages"}],"about":[{"href":"https:\/\/cuba-mennoniteconference.org\/login\/wp-json\/wp\/v2\/types\/page"}],"author":[{"embeddable":true,"href":"https:\/\/cuba-mennoniteconference.org\/login\/wp-json\/wp\/v2\/users\/1"}],"replies":[{"embeddable":true,"href":"https:\/\/cuba-mennoniteconference.org\/login\/wp-json\/wp\/v2\/comments?post=34"}],"version-history":[{"count":44,"href":"https:\/\/cuba-mennoniteconference.org\/login\/wp-json\/wp\/v2\/pages\/34\/revisions"}],"predecessor-version":[{"id":1135,"href":"https:\/\/cuba-mennoniteconference.org\/login\/wp-json\/wp\/v2\/pages\/34\/revisions\/1135"}],"wp:attachment":[{"href":"https:\/\/cuba-mennoniteconference.org\/login\/wp-json\/wp\/v2\/media?parent=34"}],"curies":[{"name":"wp","href":"https:\/\/api.w.org\/{rel}","templated":true}]}}

<p>[et_pb_section fb_built=&#8221;1&#8243; fullwidth=&#8221;on&#8221; _builder_version=&#8221;4.0.3&#8243; background_color=&#8221;#2ea3f2&#8243; use_background_color_gradient=&#8221;on&#8221; background_color_gradient_start=&#8221;#0c71c3&#8243; background_color_gradient_end=&#8221;#8300e9&#8243; background_color_gradient_direction=&#8221;330deg&#8221; top_divider_style=&#8221;triangle&#8221; top_divider_color=&#8221;#e02b20&#8243; top_divider_height=&#8221;6px&#8221; top_divider_repeat=&#8221;1x&#8221; bottom_divider_style=&#8221;clouds&#8221; bottom_divider_color=&#8221;#efefef&#8221; bottom_divider_height=&#8221;72px&#8221;][et_pb_fullwidth_header title=&#8221;Reseña Histórica&#8221; _builder_version=&#8221;3.16&#8243; title_font=&#8221;||||||||&#8221; background_color=&#8221;rgba(255, 255, 255, 0)&#8221; custom_padding=&#8221;||60px|||&#8221; button_one_text_size__hover_enabled=&#8221;off&#8221; button_two_text_size__hover_enabled=&#8221;off&#8221; button_one_text_color__hover_enabled=&#8221;off&#8221; button_two_text_color__hover_enabled=&#8221;off&#8221; button_one_border_width__hover_enabled=&#8221;off&#8221; button_two_border_width__hover_enabled=&#8221;off&#8221; button_one_border_color__hover_enabled=&#8221;off&#8221; button_two_border_color__hover_enabled=&#8221;off&#8221; button_one_border_radius__hover_enabled=&#8221;off&#8221; button_two_border_radius__hover_enabled=&#8221;off&#8221; button_one_letter_spacing__hover_enabled=&#8221;off&#8221; button_two_letter_spacing__hover_enabled=&#8221;off&#8221; button_one_bg_color__hover_enabled=&#8221;off&#8221; button_two_bg_color__hover_enabled=&#8221;off&#8221;][/et_pb_fullwidth_header][/et_pb_section][et_pb_section fb_built=&#8221;1&#8243; _builder_version=&#8221;4.0.3&#8243; background_color=&#8221;#efefef&#8221; min_height=&#8221;938px&#8221; custom_margin=&#8221;-1px|||||&#8221; custom_padding=&#8221;1px||0px|||&#8221;][et_pb_row _builder_version=&#8221;3.25&#8243; background_size=&#8221;initial&#8221; background_position=&#8221;top_left&#8221; background_repeat=&#8221;repeat&#8221; custom_margin=&#8221;-7px|auto||auto||&#8221; custom_padding=&#8221;0px|||||&#8221;][et_pb_column type=&#8221;4_4&#8243; _builder_version=&#8221;3.25&#8243; custom_padding=&#8221;|||&#8221; custom_padding__hover=&#8221;|||&#8221;][et_pb_text _builder_version=&#8221;3.27.4&#8243; background_size=&#8221;initial&#8221; background_position=&#8221;top_left&#8221; background_repeat=&#8221;repeat&#8221; custom_margin=&#8221;4px|||||&#8221; custom_padding=&#8221;0px||0px|||&#8221; inline_fonts=&#8221;Actor,Amita,Arial,Times New Roman&#8221;]</p>
<h2><span style="font-size: 14px; color: #666666;"><span></span></span></h2>
<p align="center"><span face="Liberation Serif, serif" style="font-family: 'Liberation Serif', serif;"><span size="5" style="font-size: x-large;"><i>La Reforma Radical </i></span></span></p>
<p align="center">
<p align="justify"><span face="Liberation Serif, serif" style="font-family: 'Liberation Serif', serif;"><span size="4" style="font-size: large;">Dentro de la reforma de Ulrico Zwinglio en Suiza se estableció un nuevo movimiento. Este cuerpo de estudiantes universitarios sintió la convicción de llevar mas allá dicha reforma como una verdadera restauración del cristianismo reflejado en el NT. Luego de efectuarse varios debates con las autoridades y el propio Zwinglio, sus enseñanzas fueron condenadas. Este es el comienzo de la Reforma Radical o de las Iglesias Libres, separadas de la autoridad del estado/iglesia oficial imperante.</span></span></p>
<p align="justify"><span face="Liberation Serif, serif" style="font-family: 'Liberation Serif', serif;"><span size="4" style="font-size: large;">Bajo el liderazgo de Conrado Grebel, Félix Manz, Jorge Blaurok y Baltasar Hubmaier, la reforma radical tomó fuerza en Suiza y Alemania hacia 1525, cuando se formaron congregaciones separadas, a los cuales la autoridad oficial llamó &#8220;anabautistas&#8221; porque practicaban el bautismo de creyentes adultos y no reconocieron la validez del bautismo de infantes. Miguel Sattler aportó unos pricipios básicos en Schleitheim, en 1527. El nombre menonita se aplicó específicamente a los seguidores de líder anabautista holandés, Menno Simons, hacia 1543. </span></span></p>
<p align="justify"><span face="Liberation Serif, serif" style="font-family: 'Liberation Serif', serif;"><span size="4" style="font-size: large;">Debido a las fuertes persecuciones tanto de la Iglesia Católica como de los protestantes, Luteranos y Calvinistas/Reformados, tuvieron que emigrar hacia otras tierras donde pudieran vivir su fe con total libertad, desplazándose hacia territorio Ruso y a Norte Amèrica. En el presente existe una variedad de comunidades Anabautistas: Menonitas, Hutteritas, Amish, Hermanos en Cristo entre otros, formando una familia global de mas de dos millones de miembros.</span></span></p>
<p align="center"><span face="Liberation Serif, serif" style="font-family: 'Liberation Serif', serif;"><span size="5" style="font-size: x-large;"><i>CUBA</i></span></span></p>
<p align="center"><span face="Liberation Serif, serif" style="font-family: 'Liberation Serif', serif;"><span size="5" style="font-size: x-large;"><i></i></span></span></p>
<p align="justify"><span face="Liberation Serif, serif" style="font-family: 'Liberation Serif', serif;"><span size="4" style="font-size: large;">El Señor llamó a los ministros Marvin Beachy de Indiana, Estados Unidos, y Eli Glick de Santa Ana, El Salvador, ambos de la iglesia Beachy, a llevar la Palabra de Dios muy lejos de sus hogares. Viajaron pues, calzados sus pies con el apresto del evangelio a esta que llaman la Perla del Caribe, nuestra querida isla de Cuba.</span></span></p>
<p align="justify"><span face="Liberation Serif, serif" style="font-family: 'Liberation Serif', serif;"><span size="4" style="font-size: large;">Aunque no lo recoge la historia, sabemos que sus corazones, como buenos hijos de Dios, se llenaron de supremo gozo aquel 18 de diciembre de 1994 en el hogar cristiano de David de Feria, quien sería nombrado como el primer Ministro Ordenado. La Hermandad Menonita de Holguín quedo instaurada, para la gloria de Dios y salvación de las almas.</span></span></p>
<p align="justify"><span face="Liberation Serif, serif" style="font-family: 'Liberation Serif', serif;"><span size="4" style="font-size: large;">Fue de corte conservador aquella primera iglesia, pero no se importaron las prácticas de las iglesias del Norte, sino que se estableció un modelo contextual cubano.</span></span></p>
<p align="justify"><span face="Liberation Serif, serif" style="font-family: 'Liberation Serif', serif;"><span size="4" style="font-size: large;">La Palabra de Dios establece en 1ra a Tesalonicenses 5:12 “Os rogamos, hermanos, que reconozcáis a los que trabajan entre vosotros, y les presiden en el Señor, y os amonestan;” Por esa razón hoy no podemos olvidar a los Ministros que han edificado esta obra a lo largo de los años: Eli Hershberger y Millard Yoder, de Maryland hasta el año 2002. En 2004 fue ordenado Enrique Cabrera Alemañy para servir a las iglesias de Holguín y La Habana.</span></span></p>
<p align="justify"><span face="Liberation Serif, serif" style="font-family: 'Liberation Serif', serif;"><span size="4" style="font-size: large;">En el año 2013 se ordenó como Ministro a Luis Michel Silva Fernández. Se iniciaron entonces diálogos inter congregacionales con otras comunidades de fe Menonita y de otras tradiciones evangélicas, una postura más progresista e inclusiva se fue vislumbrando, para bien, reestructurando la iglesia hasta su estado actual. Se buscó la integración con otras congregaciones de trasfondo Anabautista estableciendo La Conferencia Menonita en Cuba en 2016. En 2021 se convierte en el Concilio de Iglesias Evangelicas Shalom, debido a la afiliacion denominacional. El Concilio de Iglesias Evangelicas Shalom-CIES es una comunidad de Iglesias hispanas de la Conferencia Menonita de Lancaster.<br /></span></span></p>
<p align="justify">
<p>&nbsp;</p>
<p>[/et_pb_text][/et_pb_column][/et_pb_row][/et_pb_section]</p>

<p>La Reforma Radical Dentro de la reforma de Ulrico Zwinglio en Suiza se estableció un nuevo movimiento. Este cuerpo de estudiantes universitarios sintió la convicción de llevar mas allá dicha reforma como una verdadera restauración del cristianismo reflejado en el NT. Luego de efectuarse varios debates con las autoridades y el propio Zwinglio, sus enseñanzas [&hellip;]</p>
