{"id":33,"date":"2019-10-29T21:30:20","date_gmt":"2019-10-30T03:30:20","guid":{"rendered":"https:\/\/cuba-mennoniteconference.org\/login\/?page_id=33"},"modified":"2021-07-17T17:30:43","modified_gmt":"2021-07-17T23:30:43","slug":"vision-y-mision","status":"publish","type":"page","link":"https:\/\/cuba-mennoniteconference.org\/login\/vision-y-mision\/","title":{"rendered":"Visi\u00f3n y Misi\u00f3n"},"content":{"rendered":"<p>[et_pb_section fb_built=&#8221;1&#8243; fullwidth=&#8221;on&#8221; _builder_version=&#8221;4.0.3&#8243; background_color=&#8221;#2ea3f2&#8243; use_background_color_gradient=&#8221;on&#8221; background_color_gradient_start=&#8221;#8300e9&#8243; background_color_gradient_end=&#8221;#8300e9&#8243; background_color_gradient_direction=&#8221;330deg&#8221; top_divider_style=&#8221;triangle&#8221; top_divider_color=&#8221;#e02b20&#8243; top_divider_height=&#8221;6px&#8221; bottom_divider_style=&#8221;clouds&#8221; bottom_divider_color=&#8221;#efefef&#8221; bottom_divider_height=&#8221;72px&#8221;][et_pb_fullwidth_header _builder_version=&#8221;3.16&#8243; title_font=&#8221;||||||||&#8221; background_color=&#8221;rgba(255, 255, 255, 0)&#8221; custom_padding=&#8221;||80px|||&#8221; button_one_text_size__hover_enabled=&#8221;off&#8221; button_two_text_size__hover_enabled=&#8221;off&#8221; button_one_text_color__hover_enabled=&#8221;off&#8221; button_two_text_color__hover_enabled=&#8221;off&#8221; button_one_border_width__hover_enabled=&#8221;off&#8221; button_two_border_width__hover_enabled=&#8221;off&#8221; button_one_border_color__hover_enabled=&#8221;off&#8221; button_two_border_color__hover_enabled=&#8221;off&#8221; button_one_border_radius__hover_enabled=&#8221;off&#8221; button_two_border_radius__hover_enabled=&#8221;off&#8221; button_one_letter_spacing__hover_enabled=&#8221;off&#8221; button_two_letter_spacing__hover_enabled=&#8221;off&#8221; button_one_bg_color__hover_enabled=&#8221;off&#8221; button_two_bg_color__hover_enabled=&#8221;off&#8221;][\/et_pb_fullwidth_header][\/et_pb_section][et_pb_section fb_built=&#8221;1&#8243; _builder_version=&#8221;4.0.3&#8243; background_color=&#8221;#efefef&#8221; min_height=&#8221;917px&#8221; custom_margin=&#8221;-2px|||||&#8221; custom_padding=&#8221;||0px|||&#8221;][et_pb_row _builder_version=&#8221;3.25&#8243; background_size=&#8221;initial&#8221; background_position=&#8221;top_left&#8221; background_repeat=&#8221;repeat&#8221; custom_margin=&#8221;-88px|auto|-82px|auto||&#8221;][et_pb_column type=&#8221;4_4&#8243; _builder_version=&#8221;3.25&#8243; custom_padding=&#8221;|||&#8221; custom_padding__hover=&#8221;|||&#8221;][et_pb_text _builder_version=&#8221;3.27.4&#8243; background_size=&#8221;initial&#8221; background_position=&#8221;top_left&#8221; background_repeat=&#8221;repeat&#8221; inline_fonts=&#8221;Actor,Amita,Times New Roman&#8221;]<\/p>\n<h2><span style=\"font-size: 14px; color: #666666;\"><span><\/span><\/span><\/h2>\n<p><span style=\"font-family: 'Liberation Serif', serif; font-size: large; text-align: justify;\"><\/span><\/p>\n<p><span style=\"font-family: 'Liberation Serif', serif; font-size: large; text-align: justify;\"><\/span><\/p>\n<p><span style=\"font-family: 'Liberation Serif', serif; font-size: large; text-align: justify;\"><\/span><\/p>\n<p><span style=\"font-family: 'Liberation Serif', serif; font-size: large; text-align: justify;\"><\/span><\/p>\n<p><span style=\"font-family: 'Liberation Serif', serif; font-size: large; text-align: justify;\"><\/span><\/p>\n<p align=\"center\"><span style=\"font-family: 'Liberation Serif', serif; font-size: large; text-align: justify;\"><\/span><span style=\"font-size: x-large; font-family: 'Times New Roman';\"><strong><span face=\"Liberation Serif, serif\"><span size=\"4\">Visi\u00f3n<\/span><\/span><\/strong><\/span><\/p>\n<p align=\"center\"><span face=\"Liberation Serif, serif\" style=\"font-family: inherit; font-size: x-large; font-weight: normal;\"><span size=\"4\"><\/span><\/span><\/p>\n<p align=\"center\"><span face=\"Liberation Serif, serif\" style=\"font-family: inherit; font-size: x-large; font-weight: normal;\"><\/span><\/p>\n<p align=\"center\"><span face=\"Liberation Serif, serif\" style=\"font-family: inherit; font-size: x-large; font-weight: normal;\"><span size=\"4\"><\/span><\/span><\/p>\n<p style=\"text-align: justify;\"><span style=\"font-family: 'Liberation Serif', serif; font-size: large; text-align: justify;\">Somos llamados por un Dios de paz a entrar en el ministerio de la reconciliaci\u00f3n en nuestros hogares, congregaciones, y comunidad. Mediante el poder del Esp\u00edritu Santo de Dios, la CIES-Cuba est\u00e1 desarrollando nuevas comunidades de fe y nuevos v\u00ednculos con otros cuerpos eclesiales.<\/span><\/p>\n<p><span style=\"font-family: 'Liberation Serif', serif; font-size: large; text-align: justify;\"><\/span><\/p>\n<p align=\"center\"><span style=\"font-size: x-large; font-family: 'Times New Roman'; font-weight: normal;\"><strong><span face=\"Liberation Serif, serif\"><span size=\"4\">Valores Fundamentales<\/span><\/span><\/strong><\/span><\/p>\n<p align=\"center\">\n<p align=\"justify\"><span face=\"Liberation Serif, serif\" style=\"font-family: 'Liberation Serif', serif;\"><span size=\"4\" style=\"font-size: large;\">Debido a que nuestra fe y nuestra vida est\u00e1n centradas en Jesucristo.<\/span><\/span><\/p>\n<p align=\"justify\"><span face=\"Liberation Serif, serif\" style=\"font-family: 'Liberation Serif', serif;\"><span size=\"4\" style=\"font-size: large;\"><i>Vemos el mundo a trav\u00e9s del reino de Dios<\/i><\/span><\/span><\/p>\n<p align=\"justify\"><span face=\"Liberation Serif, serif\" style=\"font-family: 'Liberation Serif', serif;\"><span size=\"4\" style=\"font-size: large;\">Nuestro compromiso es con el reino de Dios por encima de cualquier autoridad. Las variadas expresiones de cultura, raza, y adoraci\u00f3n que surgen a trav\u00e9s de la obra del Esp\u00edritu Santo. El bautismo para los creyentes como una se\u00f1al de un nuevo comienzo en Cristo, que incluye un compromiso vital con la comunidad de fe. <\/span><\/span><\/p>\n<p align=\"justify\"><span face=\"Liberation Serif, serif\" style=\"font-family: 'Liberation Serif', serif;\"><span size=\"4\" style=\"font-size: large;\"><i>Escudri\u00f1amos Las Escrituras a trav\u00e9s de Jes\u00fas<\/i><\/span><\/span><\/p>\n<p align=\"justify\"><span face=\"Liberation Serif, serif\" style=\"font-family: 'Liberation Serif', serif;\"><span size=\"4\" style=\"font-size: large;\">El discernimiento de la Escritura que conduce a la obediencia es a trav\u00e9s de Cristo, discernida en comunidad y guiados por el Esp\u00edritu Santo. Una expresi\u00f3n de esta interpretaci\u00f3n la manifestamos en La Confesi\u00f3n de Fe desde una Perspectiva Menonita. <br \/><\/span><\/span><\/p>\n<p align=\"justify\"><span face=\"Liberation Serif, serif\" style=\"font-family: 'Liberation Serif', serif;\"><span size=\"4\" style=\"font-size: large;\"><i>Vivimos la vida cristiana como disc\u00edpulos<\/i><\/span><\/span><\/p>\n<p align=\"justify\"><span face=\"Liberation Serif, serif\" style=\"font-family: 'Liberation Serif', serif;\"><span size=\"4\" style=\"font-size: large;\">Continuamos la misi\u00f3n de Dios de reconciliaci\u00f3n con el mundo y participamos como disc\u00edpulos enviados, compartiendo las buenas noticias de Jes\u00fas a trav\u00e9s de la adoraci\u00f3n, el testimonio y el servicio. Somos instrumentos de paz, con una \u00e9tica de vida profundamente arraigada en el Evangelio y que expresa el amor de Cristo en todas las relaciones humanas, incluso hacia nuestros enemigos. Integramos una comunidad de disc\u00edpulos que vive intencionalmente entre un contraste cultural, relevante con el mundo, donde el cuidado mutuo, la responsabilidad y el discernimiento est\u00e1n centrados en Cristo.<\/span><\/span><\/p>\n<p align=\"justify\">\n<ul><\/ul>\n<p>[\/et_pb_text][\/et_pb_column][\/et_pb_row][\/et_pb_section]<\/p>\n","protected":false},"excerpt":{"rendered":"<p>Visi\u00f3n Somos llamados por un Dios de paz a entrar en el ministerio de la reconciliaci\u00f3n en nuestros hogares, congregaciones, y comunidad. Mediante el poder del Esp\u00edritu Santo de Dios, la CIES-Cuba est\u00e1 desarrollando nuevas comunidades de fe y nuevos v\u00ednculos con otros cuerpos eclesiales. Valores Fundamentales Debido a que nuestra fe y nuestra vida [&hellip;]<\/p>\n","protected":false},"author":1,"featured_media":0,"parent":0,"menu_order":0,"comment_status":"closed","ping_status":"closed","template":"","meta":{"_et_pb_use_builder":"on","_et_pb_old_content":"","_et_gb_content_width":"","footnotes":""},"class_list":["post-33","page","type-page","status-publish","hentry"],"_links":{"self":[{"href":"https:\/\/cuba-mennoniteconference.org\/login\/wp-json\/wp\/v2\/pages\/33"}],"collection":[{"href":"https:\/\/cuba-mennoniteconference.org\/login\/wp-json\/wp\/v2\/pages"}],"about":[{"href":"https:\/\/cuba-mennoniteconference.org\/login\/wp-json\/wp\/v2\/types\/page"}],"author":[{"embeddable":true,"href":"https:\/\/cuba-mennoniteconference.org\/login\/wp-json\/wp\/v2\/users\/1"}],"replies":[{"embeddable":true,"href":"https:\/\/cuba-mennoniteconference.org\/login\/wp-json\/wp\/v2\/comments?post=33"}],"version-history":[{"count":19,"href":"https:\/\/cuba-mennoniteconference.org\/login\/wp-json\/wp\/v2\/pages\/33\/revisions"}],"predecessor-version":[{"id":1136,"href":"https:\/\/cuba-mennoniteconference.org\/login\/wp-json\/wp\/v2\/pages\/33\/revisions\/1136"}],"wp:attachment":[{"href":"https:\/\/cuba-mennoniteconference.org\/login\/wp-json\/wp\/v2\/media?parent=33"}],"curies":[{"name":"wp","href":"https:\/\/api.w.org\/{rel}","templated":true}]}}

Visión y Misión

<p>[et_pb_section fb_built=&#8221;1&#8243; fullwidth=&#8221;on&#8221; _builder_version=&#8221;4.0.3&#8243; background_color=&#8221;#2ea3f2&#8243; use_background_color_gradient=&#8221;on&#8221; background_color_gradient_start=&#8221;#8300e9&#8243; background_color_gradient_end=&#8221;#8300e9&#8243; background_color_gradient_direction=&#8221;330deg&#8221; top_divider_style=&#8221;triangle&#8221; top_divider_color=&#8221;#e02b20&#8243; top_divider_height=&#8221;6px&#8221; bottom_divider_style=&#8221;clouds&#8221; bottom_divider_color=&#8221;#efefef&#8221; bottom_divider_height=&#8221;72px&#8221;][et_pb_fullwidth_header _builder_version=&#8221;3.16&#8243; title_font=&#8221;||||||||&#8221; background_color=&#8221;rgba(255, 255, 255, 0)&#8221; custom_padding=&#8221;||80px|||&#8221; button_one_text_size__hover_enabled=&#8221;off&#8221; button_two_text_size__hover_enabled=&#8221;off&#8221; button_one_text_color__hover_enabled=&#8221;off&#8221; button_two_text_color__hover_enabled=&#8221;off&#8221; button_one_border_width__hover_enabled=&#8221;off&#8221; button_two_border_width__hover_enabled=&#8221;off&#8221; button_one_border_color__hover_enabled=&#8221;off&#8221; button_two_border_color__hover_enabled=&#8221;off&#8221; button_one_border_radius__hover_enabled=&#8221;off&#8221; button_two_border_radius__hover_enabled=&#8221;off&#8221; button_one_letter_spacing__hover_enabled=&#8221;off&#8221; button_two_letter_spacing__hover_enabled=&#8221;off&#8221; button_one_bg_color__hover_enabled=&#8221;off&#8221; button_two_bg_color__hover_enabled=&#8221;off&#8221;][/et_pb_fullwidth_header][/et_pb_section][et_pb_section fb_built=&#8221;1&#8243; _builder_version=&#8221;4.0.3&#8243; background_color=&#8221;#efefef&#8221; min_height=&#8221;917px&#8221; custom_margin=&#8221;-2px|||||&#8221; custom_padding=&#8221;||0px|||&#8221;][et_pb_row _builder_version=&#8221;3.25&#8243; background_size=&#8221;initial&#8221; background_position=&#8221;top_left&#8221; background_repeat=&#8221;repeat&#8221; custom_margin=&#8221;-88px|auto|-82px|auto||&#8221;][et_pb_column type=&#8221;4_4&#8243; _builder_version=&#8221;3.25&#8243; custom_padding=&#8221;|||&#8221; custom_padding__hover=&#8221;|||&#8221;][et_pb_text _builder_version=&#8221;3.27.4&#8243; background_size=&#8221;initial&#8221; background_position=&#8221;top_left&#8221; background_repeat=&#8221;repeat&#8221; inline_fonts=&#8221;Actor,Amita,Times New Roman&#8221;]</p>
<h2><span style="font-size: 14px; color: #666666;"><span></span></span></h2>
<p><span style="font-family: 'Liberation Serif', serif; font-size: large; text-align: justify;"></span></p>
<p><span style="font-family: 'Liberation Serif', serif; font-size: large; text-align: justify;"></span></p>
<p><span style="font-family: 'Liberation Serif', serif; font-size: large; text-align: justify;"></span></p>
<p><span style="font-family: 'Liberation Serif', serif; font-size: large; text-align: justify;"></span></p>
<p><span style="font-family: 'Liberation Serif', serif; font-size: large; text-align: justify;"></span></p>
<p align="center"><span style="font-family: 'Liberation Serif', serif; font-size: large; text-align: justify;"></span><span style="font-size: x-large; font-family: 'Times New Roman';"><strong><span face="Liberation Serif, serif"><span size="4">Visión</span></span></strong></span></p>
<p align="center"><span face="Liberation Serif, serif" style="font-family: inherit; font-size: x-large; font-weight: normal;"><span size="4"></span></span></p>
<p align="center"><span face="Liberation Serif, serif" style="font-family: inherit; font-size: x-large; font-weight: normal;"></span></p>
<p align="center"><span face="Liberation Serif, serif" style="font-family: inherit; font-size: x-large; font-weight: normal;"><span size="4"></span></span></p>
<p style="text-align: justify;"><span style="font-family: 'Liberation Serif', serif; font-size: large; text-align: justify;">Somos llamados por un Dios de paz a entrar en el ministerio de la reconciliación en nuestros hogares, congregaciones, y comunidad. Mediante el poder del Espíritu Santo de Dios, la CIES-Cuba está desarrollando nuevas comunidades de fe y nuevos vínculos con otros cuerpos eclesiales.</span></p>
<p><span style="font-family: 'Liberation Serif', serif; font-size: large; text-align: justify;"></span></p>
<p align="center"><span style="font-size: x-large; font-family: 'Times New Roman'; font-weight: normal;"><strong><span face="Liberation Serif, serif"><span size="4">Valores Fundamentales</span></span></strong></span></p>
<p align="center">
<p align="justify"><span face="Liberation Serif, serif" style="font-family: 'Liberation Serif', serif;"><span size="4" style="font-size: large;">Debido a que nuestra fe y nuestra vida están centradas en Jesucristo.</span></span></p>
<p align="justify"><span face="Liberation Serif, serif" style="font-family: 'Liberation Serif', serif;"><span size="4" style="font-size: large;"><i>Vemos el mundo a través del reino de Dios</i></span></span></p>
<p align="justify"><span face="Liberation Serif, serif" style="font-family: 'Liberation Serif', serif;"><span size="4" style="font-size: large;">Nuestro compromiso es con el reino de Dios por encima de cualquier autoridad. Las variadas expresiones de cultura, raza, y adoración que surgen a través de la obra del Espíritu Santo. El bautismo para los creyentes como una señal de un nuevo comienzo en Cristo, que incluye un compromiso vital con la comunidad de fe. </span></span></p>
<p align="justify"><span face="Liberation Serif, serif" style="font-family: 'Liberation Serif', serif;"><span size="4" style="font-size: large;"><i>Escudriñamos Las Escrituras a través de Jesús</i></span></span></p>
<p align="justify"><span face="Liberation Serif, serif" style="font-family: 'Liberation Serif', serif;"><span size="4" style="font-size: large;">El discernimiento de la Escritura que conduce a la obediencia es a través de Cristo, discernida en comunidad y guiados por el Espíritu Santo. Una expresión de esta interpretación la manifestamos en La Confesión de Fe desde una Perspectiva Menonita. <br /></span></span></p>
<p align="justify"><span face="Liberation Serif, serif" style="font-family: 'Liberation Serif', serif;"><span size="4" style="font-size: large;"><i>Vivimos la vida cristiana como discípulos</i></span></span></p>
<p align="justify"><span face="Liberation Serif, serif" style="font-family: 'Liberation Serif', serif;"><span size="4" style="font-size: large;">Continuamos la misión de Dios de reconciliación con el mundo y participamos como discípulos enviados, compartiendo las buenas noticias de Jesús a través de la adoración, el testimonio y el servicio. Somos instrumentos de paz, con una ética de vida profundamente arraigada en el Evangelio y que expresa el amor de Cristo en todas las relaciones humanas, incluso hacia nuestros enemigos. Integramos una comunidad de discípulos que vive intencionalmente entre un contraste cultural, relevante con el mundo, donde el cuidado mutuo, la responsabilidad y el discernimiento están centrados en Cristo.</span></span></p>
<p align="justify">
<ul></ul>
<p>[/et_pb_text][/et_pb_column][/et_pb_row][/et_pb_section]</p>

<p>Visión Somos llamados por un Dios de paz a entrar en el ministerio de la reconciliación en nuestros hogares, congregaciones, y comunidad. Mediante el poder del Espíritu Santo de Dios, la CIES-Cuba está desarrollando nuevas comunidades de fe y nuevos vínculos con otros cuerpos eclesiales. Valores Fundamentales Debido a que nuestra fe y nuestra vida [&hellip;]</p>
