{"id":29,"date":"2019-10-29T21:30:20","date_gmt":"2019-10-30T03:30:20","guid":{"rendered":"https:\/\/cuba-mennoniteconference.org\/login\/?page_id=29"},"modified":"2022-06-29T08:36:41","modified_gmt":"2022-06-29T14:36:41","slug":"sobre-la-cmc","status":"publish","type":"page","link":"https:\/\/cuba-mennoniteconference.org\/login\/sobre-la-cmc\/","title":{"rendered":"Sobre el CIES"},"content":{"rendered":"<p>[et_pb_section fb_built=&#8221;1&#8243; fullwidth=&#8221;on&#8221; _builder_version=&#8221;4.16&#8243; background_color=&#8221;#2ea3f2&#8243; use_background_color_gradient=&#8221;on&#8221; background_color_gradient_direction=&#8221;330deg&#8221; background_color_gradient_stops=&#8221;#9b00a0 0%|#2e6df4 100%&#8221; background_color_gradient_start=&#8221;#9b00a0&#8243; background_color_gradient_end=&#8221;#2e6df4&#8243; top_divider_style=&#8221;triangle&#8221; top_divider_color=&#8221;#e02b20&#8243; top_divider_height=&#8221;6px&#8221; bottom_divider_style=&#8221;clouds&#8221; bottom_divider_color=&#8221;#efefef&#8221; global_colors_info=&#8221;{}&#8221;][et_pb_fullwidth_header title=&#8221;Qui\u00e9nes Somos&#8221; _builder_version=&#8221;4.16&#8243; title_font=&#8221;||||||||&#8221; background_color=&#8221;rgba(255, 255, 255, 0)&#8221; custom_padding=&#8221;||80px|||&#8221; global_colors_info=&#8221;{}&#8221; button_one_text_size__hover_enabled=&#8221;off&#8221; button_two_text_size__hover_enabled=&#8221;off&#8221; button_one_text_color__hover_enabled=&#8221;off&#8221; button_two_text_color__hover_enabled=&#8221;off&#8221; button_one_border_width__hover_enabled=&#8221;off&#8221; button_two_border_width__hover_enabled=&#8221;off&#8221; button_one_border_color__hover_enabled=&#8221;off&#8221; button_two_border_color__hover_enabled=&#8221;off&#8221; button_one_border_radius__hover_enabled=&#8221;off&#8221; button_two_border_radius__hover_enabled=&#8221;off&#8221; button_one_letter_spacing__hover_enabled=&#8221;off&#8221; button_two_letter_spacing__hover_enabled=&#8221;off&#8221; button_one_bg_color__hover_enabled=&#8221;off&#8221; button_two_bg_color__hover_enabled=&#8221;off&#8221;][\/et_pb_fullwidth_header][\/et_pb_section][et_pb_section fb_built=&#8221;1&#8243; _builder_version=&#8221;4.16&#8243; background_color=&#8221;#efefef&#8221; min_height=&#8221;917px&#8221; custom_margin=&#8221;-1px|||||&#8221; custom_padding=&#8221;||0px|||&#8221; global_colors_info=&#8221;{}&#8221;][et_pb_row _builder_version=&#8221;4.16&#8243; background_size=&#8221;initial&#8221; background_position=&#8221;top_left&#8221; background_repeat=&#8221;repeat&#8221; width=&#8221;99.2%&#8221; min_height=&#8221;276px&#8221; custom_margin=&#8221;-46px|46px|-25px|auto||&#8221; global_colors_info=&#8221;{}&#8221;][et_pb_column type=&#8221;4_4&#8243; _builder_version=&#8221;4.16&#8243; custom_padding=&#8221;|||&#8221; global_colors_info=&#8221;{}&#8221; custom_padding__hover=&#8221;|||&#8221;][et_pb_text _builder_version=&#8221;4.16&#8243; background_size=&#8221;initial&#8221; background_position=&#8221;top_left&#8221; background_repeat=&#8221;repeat&#8221; width=&#8221;92.8%&#8221; min_height=&#8221;164px&#8221; custom_margin=&#8221;-17px|-28px||||&#8221; custom_padding=&#8221;|0px||27px||&#8221; inline_fonts=&#8221;Actor,Amita&#8221; global_colors_info=&#8221;{}&#8221;]<\/p>\n<h2><span style=\"font-size: 14px; color: #666666;\"><span><\/span><\/span><\/h2>\n<h4><\/h4>\n<p><span style=\"font-size: large;\"><strong><span style=\"color: #666666; font-family: Actor;\"><\/span><\/strong><\/span><\/p>\n<p><span style=\"color: #000000;\"><strong><span style=\"font-family: Amita;\"><\/span><\/strong><\/span><\/p>\n<p><span style=\"color: #000000;\"><strong><span style=\"font-family: Amita;\"><\/span><\/strong><\/span><\/p>\n<p><span style=\"color: #000000;\"><strong><span style=\"font-family: Amita;\"><\/span><\/strong><\/span><\/p>\n<p style=\"text-align: justify;\"><span color=\"#002060\" style=\"color: #002060;\"><span color=\"#000000\" style=\"color: #000000;\"><span face=\"Liberation Serif, serif\" style=\"font-family: 'Liberation Serif', serif;\"><span size=\"4\" style=\"font-size: large;\">El Concilio de Iglesias Evang\u00e9licas Shalom en Cuba es parte integral de La Conferencia Menonita de Lancaster, una fraternidad de iglesias Anabautistas, con presencia en los Estados Unidos, Mexico, Nicaragua, Costa Rica y Republica Dominicana. Representamos a nivel nacional una variedad de comunidades de fe, resultado de la integraci\u00f3n de congregaciones Amish Menonitas, Menonitas y Hermanos en Cristo. Radicados en las Provincias de Holgu\u00edn, Granma, Mayabeque, Cienf\u00fcegos y Artemisa. <br \/><\/span><\/span><\/span><\/span><\/p>\n<p>[\/et_pb_text][\/et_pb_column][\/et_pb_row][\/et_pb_section]<\/p>\n","protected":false},"excerpt":{"rendered":"<p>El Concilio de Iglesias Evang\u00e9licas Shalom en Cuba es parte integral de La Conferencia Menonita de Lancaster, una fraternidad de iglesias Anabautistas, con presencia en los Estados Unidos, Mexico, Nicaragua, Costa Rica y Republica Dominicana. Representamos a nivel nacional una variedad de comunidades de fe, resultado de la integraci\u00f3n de congregaciones Amish Menonitas, Menonitas y [&hellip;]<\/p>\n","protected":false},"author":1,"featured_media":0,"parent":0,"menu_order":0,"comment_status":"closed","ping_status":"closed","template":"","meta":{"_et_pb_use_builder":"on","_et_pb_old_content":"","_et_gb_content_width":"","footnotes":""},"class_list":["post-29","page","type-page","status-publish","hentry"],"_links":{"self":[{"href":"https:\/\/cuba-mennoniteconference.org\/login\/wp-json\/wp\/v2\/pages\/29"}],"collection":[{"href":"https:\/\/cuba-mennoniteconference.org\/login\/wp-json\/wp\/v2\/pages"}],"about":[{"href":"https:\/\/cuba-mennoniteconference.org\/login\/wp-json\/wp\/v2\/types\/page"}],"author":[{"embeddable":true,"href":"https:\/\/cuba-mennoniteconference.org\/login\/wp-json\/wp\/v2\/users\/1"}],"replies":[{"embeddable":true,"href":"https:\/\/cuba-mennoniteconference.org\/login\/wp-json\/wp\/v2\/comments?post=29"}],"version-history":[{"count":24,"href":"https:\/\/cuba-mennoniteconference.org\/login\/wp-json\/wp\/v2\/pages\/29\/revisions"}],"predecessor-version":[{"id":1168,"href":"https:\/\/cuba-mennoniteconference.org\/login\/wp-json\/wp\/v2\/pages\/29\/revisions\/1168"}],"wp:attachment":[{"href":"https:\/\/cuba-mennoniteconference.org\/login\/wp-json\/wp\/v2\/media?parent=29"}],"curies":[{"name":"wp","href":"https:\/\/api.w.org\/{rel}","templated":true}]}}

<p>[et_pb_section fb_built=&#8221;1&#8243; fullwidth=&#8221;on&#8221; _builder_version=&#8221;4.16&#8243; background_color=&#8221;#2ea3f2&#8243; use_background_color_gradient=&#8221;on&#8221; background_color_gradient_direction=&#8221;330deg&#8221; background_color_gradient_stops=&#8221;#9b00a0 0%|#2e6df4 100%&#8221; background_color_gradient_start=&#8221;#9b00a0&#8243; background_color_gradient_end=&#8221;#2e6df4&#8243; top_divider_style=&#8221;triangle&#8221; top_divider_color=&#8221;#e02b20&#8243; top_divider_height=&#8221;6px&#8221; bottom_divider_style=&#8221;clouds&#8221; bottom_divider_color=&#8221;#efefef&#8221; global_colors_info=&#8221;{}&#8221;][et_pb_fullwidth_header title=&#8221;Quiénes Somos&#8221; _builder_version=&#8221;4.16&#8243; title_font=&#8221;||||||||&#8221; background_color=&#8221;rgba(255, 255, 255, 0)&#8221; custom_padding=&#8221;||80px|||&#8221; global_colors_info=&#8221;{}&#8221; button_one_text_size__hover_enabled=&#8221;off&#8221; button_two_text_size__hover_enabled=&#8221;off&#8221; button_one_text_color__hover_enabled=&#8221;off&#8221; button_two_text_color__hover_enabled=&#8221;off&#8221; button_one_border_width__hover_enabled=&#8221;off&#8221; button_two_border_width__hover_enabled=&#8221;off&#8221; button_one_border_color__hover_enabled=&#8221;off&#8221; button_two_border_color__hover_enabled=&#8221;off&#8221; button_one_border_radius__hover_enabled=&#8221;off&#8221; button_two_border_radius__hover_enabled=&#8221;off&#8221; button_one_letter_spacing__hover_enabled=&#8221;off&#8221; button_two_letter_spacing__hover_enabled=&#8221;off&#8221; button_one_bg_color__hover_enabled=&#8221;off&#8221; button_two_bg_color__hover_enabled=&#8221;off&#8221;][/et_pb_fullwidth_header][/et_pb_section][et_pb_section fb_built=&#8221;1&#8243; _builder_version=&#8221;4.16&#8243; background_color=&#8221;#efefef&#8221; min_height=&#8221;917px&#8221; custom_margin=&#8221;-1px|||||&#8221; custom_padding=&#8221;||0px|||&#8221; global_colors_info=&#8221;{}&#8221;][et_pb_row _builder_version=&#8221;4.16&#8243; background_size=&#8221;initial&#8221; background_position=&#8221;top_left&#8221; background_repeat=&#8221;repeat&#8221; width=&#8221;99.2%&#8221; min_height=&#8221;276px&#8221; custom_margin=&#8221;-46px|46px|-25px|auto||&#8221; global_colors_info=&#8221;{}&#8221;][et_pb_column type=&#8221;4_4&#8243; _builder_version=&#8221;4.16&#8243; custom_padding=&#8221;|||&#8221; global_colors_info=&#8221;{}&#8221; custom_padding__hover=&#8221;|||&#8221;][et_pb_text _builder_version=&#8221;4.16&#8243; background_size=&#8221;initial&#8221; background_position=&#8221;top_left&#8221; background_repeat=&#8221;repeat&#8221; width=&#8221;92.8%&#8221; min_height=&#8221;164px&#8221; custom_margin=&#8221;-17px|-28px||||&#8221; custom_padding=&#8221;|0px||27px||&#8221; inline_fonts=&#8221;Actor,Amita&#8221; global_colors_info=&#8221;{}&#8221;]</p>
<h2><span style="font-size: 14px; color: #666666;"><span></span></span></h2>
<h4></h4>
<p><span style="font-size: large;"><strong><span style="color: #666666; font-family: Actor;"></span></strong></span></p>
<p><span style="color: #000000;"><strong><span style="font-family: Amita;"></span></strong></span></p>
<p><span style="color: #000000;"><strong><span style="font-family: Amita;"></span></strong></span></p>
<p><span style="color: #000000;"><strong><span style="font-family: Amita;"></span></strong></span></p>
<p style="text-align: justify;"><span color="#002060" style="color: #002060;"><span color="#000000" style="color: #000000;"><span face="Liberation Serif, serif" style="font-family: 'Liberation Serif', serif;"><span size="4" style="font-size: large;">El Concilio de Iglesias Evangélicas Shalom en Cuba es parte integral de La Conferencia Menonita de Lancaster, una fraternidad de iglesias Anabautistas, con presencia en los Estados Unidos, Mexico, Nicaragua, Costa Rica y Republica Dominicana. Representamos a nivel nacional una variedad de comunidades de fe, resultado de la integración de congregaciones Amish Menonitas, Menonitas y Hermanos en Cristo. Radicados en las Provincias de Holguín, Granma, Mayabeque, Cienfüegos y Artemisa. <br /></span></span></span></span></p>
<p>[/et_pb_text][/et_pb_column][/et_pb_row][/et_pb_section]</p>

<p>El Concilio de Iglesias Evangélicas Shalom en Cuba es parte integral de La Conferencia Menonita de Lancaster, una fraternidad de iglesias Anabautistas, con presencia en los Estados Unidos, Mexico, Nicaragua, Costa Rica y Republica Dominicana. Representamos a nivel nacional una variedad de comunidades de fe, resultado de la integración de congregaciones Amish Menonitas, Menonitas y [&hellip;]</p>
